s the hundreds digit of 3724050623?
6
What is the thousands digit of 123271366?
1
What is the hundred thousands digit of 886603230?
6
What is the ten thousands digit of 1507792927?
9
What is the hundred thousands digit of 575635205?
6
What is the billions digit of 2724110791?
2
What is the ten thousands digit of 159218516?
1
What is the hundred thousands digit of 343044689?
0
What is the ten thousands digit of 391189852?
8
What is the ten thousands digit of 245233960?
3
What is the millions digit of 1047789392?
7
What is the ten thousands digit of 63526586?
2
What is the hundreds digit of 2575714590?
5
What is the tens digit of 46469706?
0
What is the hundreds digit of 616847535?
5
What is the billions digit of 1004590056?
1
What is the hundred thousands digit of 555401728?
4
What is the ten thousands digit of 284338471?
3
What is the hundred millions digit of 1342731075?
3
What is the ten millions digit of 311026204?
1
What is the thousands digit of 322801085?
1
What is the thousands digit of 24355229?
5
What is the millions digit of 54853007?
4
What is the hundred millions digit of 1558944433?
5
What is the hundred thousands digit of 82817572?
8
What is the hundreds digit of 436520066?
0
What is the units digit of 61534749?
9
What is the ten thousands digit of 37518896?
1
What is the ten millions digit of 494551789?
9
What is the hundred millions digit of 106129649?
1
What is the units digit of 70374404?
4
What is the ten thousands digit of 42640156?
4
What is the units digit of 28854397?
7
What is the tens digit of 1487723994?
9
What is the ten millions digit of 8153610375?
5
What is the thousands digit of 2561835322?
5
What is the units digit of 54199970?
0
What is the hundred thousands digit of 1081437734?
4
What is the ten thousands digit of 78657542?
5
What is the hundred millions digit of 141771511?
1
What is the tens digit of 544868276?
7
What is the tens digit of 6853013118?
1
What is the hundred thousands digit of 8273814?
2
What is the hundred millions digit of 3644540535?
6
What is the units digit of 103618806?
6
What is the ten millions digit of 849104841?
4
What is the hundred thousands digit of 9311583?
3
What is the ten thousands digit of 2476055676?
5
What is the millions digit of 159090495?
9
What is the millions digit of 43248947?
3
What is the hundred millions digit of 284764560?
2
What is the thousands digit of 2091457475?
7
What is the ten thousands digit of 101973644?
7
What is the hundred millions digit of 211037175?
2
What is the millions digit of 6790537?
6
What is the thousands digit of 9372560338?
0
What is the hundreds digit of 214884138?
1
What is the units digit of 2536059737?
7
What is the millions digit of 5324315070?
4
What is the hundreds digit of 3552459227?
2
What is the millions digit of 598956608?
8
What is the millions digit of 93739539?
3
What is the hundred thousands digit of 185707173?
7
What is the millions digit of 624197031?
4
What is the millions digit of 70005484?
0
What is the ten millions digit of 318506668?
1
What is the tens digit of 767753381?
8
What is the ten thousands digit of 37438865?
3
What is the hundreds digit of 151567555?
5
What is the hundreds digit of 276712343?
3
What is the hundred thousands digit of 754970086?
9
What is the thousands digit of 1225378776?
8
What is the hundreds digit of 170249692?
6
What is the tens digit of 260519311?
1
What is the tens digit of 2170190757?
5
What is the ten thousands digit of 24846552?
4
What is the millions digit of 898527510?
8
What is the thousands digit of 779450379?
0
What is the hundred thousands digit of 2478965554?
9
What is the ten thousands digit of 3913018232?
1
What is the thousands digit of 42617099?
7
What is the millions digit of 1199265682?
9
What is the hundreds digit of 1607200437?
4
What is the hundred thousands digit of 55789570?
7
What is the tens digit of 75016833?
3
What is the hundred thousands digit of 689448697?
4
What is the billions digit of 2840460591?
2
What is the units digit of 1211241294?
4
What is the units digit of 158716799?
9
What is the billions digit of 1122842223?
1
What is the thousands digit of 90219397?
9
What is the hundred millions digit of 3145579027?
1
What is the tens digit of 2084339832?
3
What is the tens digit of 11059017?
1
What is the hundred thousands digit of 4484671253?
6
What is the hundred thousands digit of 51835283?
8
What is the thousands digit of 23358192?
8
What is the hundreds digit of 396935886?
8
What is the thousands digit of 310743681?
3
What is the hundred thousands digit of 146876059?
8
What is the hundred millions digit of 2218205446?
2
What is the hundreds digit of 270978449?
4
What is the hundreds digit of 23966671?
6
What is the hundreds digit of 125311003?
0
What is the hundred thousands digit of 51259319?
2
What is the thousands digit of 548995644?
5
What is the thousands digit of 698469577?
9
What is the units digit of 66036216?
6
What is the tens digit of 287745367?
6
What is the hundred millions digit of 614477853?
6
What is the units digit of 50543180?
0
What is the units digit of 16042656?
6
What is the ten thousands digit of 136583466?
8
What is the hundred millions digit of 1754479356?
7
What is the millions digit of 415924778?
5
What is the millions digit of 41946920?
1
What is the units digit of 983389735?
5
What is the hundred millions digit of 531815437?
5
What is the units digit of 168417390?
0
What is the hundreds digit of 951413418?
4
What is the hundred thousands digit of 6010878008?
8
What is the hundreds digit of 77331417?
4
What is the hundreds digit of 1779926799?
7
What is the ten thousands digit of 76634054?
3
What is the thousands digit of 8702391407?
1
What is the units digit of 138675725?
5
What is the units digit of 1912752682?
2
What is the ten thousands digit of 73465711?
6
What is the units digit of 107234085?
5
What is the units digit of 32328597?
7
What is the ten thousands digit of 48401829?
0
What is the tens digit of 343930773?
7
What is the billions digit of 1015055687?
1
What is the thousands digit of 1343326956?
6
What is the thousands digit of 18080716?
0
What is the ten millions digit of 6894993360?
9
What is the tens digit of 684398539?
3
What is the ten thousands digit of 1050684351?
8
What is the ten millions digit of 1370797735?
7
What is the millions digit of 429307402?
9
What is the units digit of 29419483?
3
What is the tens digit of 89885432?
3
What is the tens digit of 711954502?
0
What is the millions digit of 34580954?
4
What is the thousands digit of 75670387?
0
What is the thousands digit of 38686186?
6
What is the thousands digit of 1264885556?
5
What is the thousands digit of 1161321?
1
What is the hundreds digit of 228331141?
1
What is the ten thousands digit of 366015510?
1
What is the hundred thousands digit of 9559969?
5
What is the hundred thousands digit of 1600559249?
5
What is the hundred millions digit of 717876671?
7
What is the units digit of 6300235855?
5
What is the hundred thousands digit of 58223148?
2
What is the hundreds digit of 684268843?
8
What is the thousands digit of 5340439343?
9
What is the tens digit of 139947954?
5
What is the units digit of 355524483?
3
What is the ten millions digit of 1050977184?
5
What is the units digit of 236890152?
2
What is the units digit of 140282981?
1
What is the tens digit of 625090567?
6
What is the units digit of 203535651?
1
What is the hundreds digit of 17154899?
8
What is the ten millions digit of 2065991232?
6
What is the ten thousands digit of 168507502?
0
What is the millions digit of 50852506?
0
What is the hundred thousands digit of 108377596?
3
What is the ten millions digit of 468364705?
6
What is the units digit of 99115831?
1
What is the hundreds digit of 200867546?
5
What is the tens digit of 713006268?
6
What is the ten millions digit of 33383430?
3
What is the ten thousands digit of 195990799?
9
What is the units digit of 1185373724?
4
What is the hundred thousands digit of 16928319?
9
What is the thousands digit of 135211801?
1
What is the ten millions digit of 774545549?
7
What is the ten thousands digit of 1405585032?
8
What is the tens digit of 23160804?
0
What is the hundred thousands digit of 25012674?
0
What is the hundreds digit 